10) + -9)
0
Evaluate -26 - -12 - (-3 + (0 - 23)).
12
What is the value of -6 + (-2 - (13 - 16)) - (-34 + -2)?
31
What is 3 + 3 - (-24 + -7 + 13)?
24
Evaluate -11 + 15 + -10 + -7.
-13
Evaluate 1 + -1 - (-12 + (8 - -3) + -20).
21
-7 + (7 + 11 + 10 + -21 - 5)
-5
-28 + 9 + (5 - (6 + -2))
-18
Evaluate 28 + -16 + 0 + -19 - -32.
25
What is the value of (19 - 5) + 2 + -2?
14
Evaluate -2 + (-2 - -3) - (-1 + 14).
-14
What is the value of 6 + -16 + (-11 - -15)?
-6
What is the value of (4 - 6) + 8 + 6?
12
Calculate -8 + (-12 - (-1 - 4) - (-20 - -23)).
-18
Calculate (1 - 9) + 22 - (-4 + -1) - -6.
25
What is the value of -1 + 0 + (3 - -2) + 0 - 4?
0
What is the value of (-216 - -233) + -1 + -3 + 2?
15
What is (-24 - -9) + 36 + -30?
-9
-3 - -21 - (-18 - -41)
-5
What is the value of -74 + (4 - -66) - (0 - 1 - 13)?
10
What is the value of 3 + 1 + (1 - (4 - 10))?
11
Calculate (48 - (10 - -17)) + 3.
24
What is the value of -5 + (-1 - 0) + 34 + -13 + -1?
14
What is the value of 62 + -4 - (116 - 91)?
33
Calculate 4 + 0 - (426 - 408).
-14
Calculate -11 + 10 + 14 - 23.
-10
Calculate 5 - ((0 - 0) + -1 + (40 - 40)).
6
What is the value of (-2 - 11) + 11 + -4 + -4 + -1?
-11
Evaluate 32 + -8 + (-63 - -30).
-9
What is the value of -9 - 2 - (874 + -876)?
-9
Evaluate 13 + (16 - (-19 + -16 + 35)).
29
What is the value of (34 - 20) + -45 - -12?
-19
Evaluate -13 - (-7 + -13 + 18).
-11
Calculate -27 + (2 - -23) - (-1 + -12).
11
What is the value of -15 + (19 - 22) + 31?
13
Evaluate 20 - (-8 - -14 - -16).
-2
Calculate 1 - 13 - (-179 - -185) - -2.
-16
What is the value of -3 - (-7 + -10 + -2 + 5 - -5)?
6
Evaluate (-7 - (-3 - -7)) + (0 - -7) + -3.
-7
What is (-75 + 40 - -31) + 24 + 3?
23
Evaluate (-8 + -8 - 10) + 21.
-5
13 + (2 + -15 - -9)
9
What is the value of -8 - (-8 + 7 - -1 - 0)?
-8
Evaluate 230 + -225 - ((2 - 2) + -2 + 2).
5
Calculate (4 - 6) + -5 + (4 - 9 - -26).
14
Evaluate 30 - 8 - (-30 - -41).
11
What is the value of 20 - (24 + (-6 - -8))?
-6
What is the value of 4 + 20 + (-1 - -3 - 16)?
10
(-1018 - -1009) + (7 - 1)
-3
15 - 18 - (1 - (4 + -7 + 7))
0
What is the value of 7 + ((11 - 7) + -31 - -12)?
-8
What is the value of (-30 - -24 - 13) + 16 + (1 - 0)?
-2
Evaluate -30 + (-5 - -35) - 13.
-13
What is the value of (1 - 6) + -3 + (-64 - -66)?
-6
Evaluate 8 + 1 - (-25 + -23 + 34) - 2.
21
-14 - (-15 - -6) - (0 + -4 + 0)
-1
Calculate (-12 - 0) + -327 + 323.
-16
(-1 - 6) + -42 + 26
-23
What is the value of 14 + 8 + -21 - -13?
14
What is (45 - 48 - (6 - 2 - 14)) + -5?
2
What is the value of -17 - (-11 + (-25 - -22))?
-3
What is the value of 1 + 2 - (0 + 0) - 5?
-2
What is the value of 10 + -16 + 32 + -7?
19
What is the value of (-4 - (39 - 35 - (1 + 34))) + -4?
23
Calculate 21 + -7 + -32 - 0 - -12.
-6
What is the value of -12 + -9 + 11 - -5?
-5
Evaluate -19 - (-10 + -13 + 9).
-5
What is -41 - -27 - (0 - 23)?
9
Evaluate 13 - (-27 + 52 - 7).
-5
What is -11 - (18 + -2 + (-9 - -1))?
-19
Evaluate (-4 + -1 - -11) + (-10 - -4) + -4.
-4
-1 + (5 + (0 - 6) - -5) - 5
-2
Evaluate -1 + 25 + -11 + -11.
2
Calculate 5 - (-8 - (0 + -1 + -21)).
-9
What is 4 + -21 + 34 - (2 + 18)?
-3
Calculate 2 - (5 + -1 + 2) - (15 - 47).
28
Evaluate 0 + ((9 - 0) + 5 + -6 - 6).
2
(-10 - -8) + -15 + -8 - 2
-27
Calculate 6 + -3 + 0 + 11 + -23 + 32.
23
(-7 - 0) + (-479 - -494)
8
Evaluate 41 - (6 - (-10 - 22)).
3
Evaluate 5 + (-79 - -69) + (0 - (-15 - 0)).
10
-27 + (-34 - -24 - (2 - 6)) + 8
-25
Calculate -9 + (10 + 12 - 19).
-6
What is the value of -5 + (5 + -6 - 4 - -2)?
-8
Calculate -1 - -8 - (16 + 1).
-10
Calculate 15 + 6 - (-13 - -8).
26
What is (-2 - 0) + (1 - 3) + 4?
0
Calculate -3 + 2 + -5 - (-2 + (1 - 3)).
-2
Evaluate 2 + 2 + -8 + 6 - (-2 + 8).
-4
What is the value of (-44 - -47) + 2 + -1 + -10 + -14?
-20
What is -15 + (7 - (-2 - -30 - 12))?
-24
What is the value of (28 - (30 + 7)) + 29?
20
What is -1 + -7 + -1 + (1 - 5) + -5?
-18
What is the value of 34 + -36 - (0 + 33) - -7 - -11?
-17
-9 + (9 - (8 - 8 - 0))
0
Evaluate (-2 - -28) + 28 + -36.
18
What is the value of (2 + 1 - 1) + (-57 - -56) - 6?
-5
6 - (-27 - -31 - -28)
-26
Calculate -4 + 31 - (22 - 1).
6
Evaluate -1 + (-1 - -1) + (-21 - -18) + 8.
4
2 - (10 + 19 + -41)
14
-10 - ((-7 - -4) + -1 - -2)
-8
(14 - (-20 - (12 + -13))) + 5
38
What is 6 - (-2 + -1 - (115 + -109))?
15
What is the value of (-2 - (-13 - (-12 + 13))) + 7?
19
What is -1 + (0 - -1) + 30 + 4 + -34?
0
-527 + 514 - (0 + 0 + 1 + -10)
-4
Evaluate 8 + 0 - (42 + (-16 - 22)).
4
What is -8 - (-2 - (8 - 6)) - 6?
-10
(-38 - -80 - 31) + 0 + -9
2
Calculate -10 + (-4 - -11) + (-1 - -1 - 4).
-7
(5 - 4) + -1 + (3 - 1 - 7)
-5
What is the value of -5 + -28 + (1 - -38)?
6
What is the value of -14 - (-8 + 4) - -7?
-3
Calculate (-1 + 0 - 2) + (-2 - (-12 + 2)).
5
(-10 + 5 - 1 - -10) + -40 + 42
6
4 - (23 + -1 + -11)
-7
Evaluate -14 + (-5 - -12) + 10.
3
Calculate (1 - (2 - -8)) + 9.
0
39 + (-40 - -76 - 100)
-25
What is 27 + 3 + -27 + -4?
-1
What is the value of (-2 - 1) + (-9 - (8 - 8) - 5)?
-17
What is -10 - ((3 - 6) + 21 + -10)?
-18
What is -4 + 3 - (-3 - 0 - (60 - 61))?
1
Calculate -3 + 2 + 7 - (2 + 27 + -7).
-16
Evaluate 11 + -25 + (7 - -8) + -9.
-8
Calculate -4 + 4 - (2 + -8).
6
(14 - -2) + (46 - 41) - -10
31
Calculate -5 + -3 + 6 + -6 + 23.
15
-46 - -7 - (-15 + (-10 - -14))
-28
Evaluate -11 - ((38 - 40) + 5 + (2 - 5)).
-11
What is -14 + -1 - (-9 + 24 + -24)?
-6
Evaluate 2 + -13 + 1 + 20 + -9 + -12.
-11
Evaluate 18 - 11 - (4 - (-6 - -2 - -1)).
0
What is the value of -2 + 2 + (14 - 15 - 2)?
-3
Evaluate 39 + -30 - -61 - 46.
24
Calculate 3 - (4 - 7 - (-4 + -1 + 0)).
1
Calculate -8 + (18 - 4 - 5) + -15 + -1.
-15
Calculate (11 - -5) + -1 - (-1 - -4).
12
What is the value of (2 + -4 + 13 - 1 - 0) + -17?
-7
7 + -4 + 8 + -2 + -10 + -5
-6
What is -6 - (8 + (1 - (0 + 3)))?
-12
What is 10 - (-14 + (13 - -2)) - 6?
3
What is the value of -2 - (19 + -5) - -7?
-9
Evaluate 6 + -20 - (-10 + -27) - 6.
17
What is the value of -25 + (6 - 12) + 28 + 21 + 1?
19
What is the value of (-28 + 23 - -45) + -27?
13
What is the value of 7 - (-24 - -41 - -8)?
-18
What is the value of (12 - -9) + -20 + (-1 - (-1 - -1))?
0
What is the value of -6 - (4 + -10 + (-4 - 0)) - 11?
-7
Evaluate 0 + 2 - (-183 - -181).
4
-14 + -25 + 15 + 20 + -2
-6
What is the value of (-5 - -52) + (-24 - -7) - 15?
15
What is -36 + (8 - (-2 + 6 + -5)) + -10?
-37
3 - (11 - 20) - 10
2
What is (-59 - (-31 - -5)) + 47?
14
What is the value of (6 + -5 - 2) + -37 + 23?
-15
Evaluate -97 - -84 - (-6 - (-2 + 1)).
-8
Calculate -6 + (-3 - (-13 + (16 - 11))).
-1
Calculate -9 + 19 - (10 - -7) - -1.
-6
What is 1 + (5 - -2) - (-7 + -3 + 20)?
-2
2 + -2 + (-9 - (4 - (5 + 2)))
-6
Evaluate (-10 + -20 - -18 - -4) + (8 - 1).
-1
11 - (7 - -39 - 26)
-9
What is -6 + -7 + 10 + (-1 - 36) + 9?
-31
What is 9 + -4 - (-1 - -3 - -21)?
-18
What is ((15 - 7) + -2 - (-3 - -2)) + -14?
-7
(6 + 2 - -3 - 15) + -8
-12
What is (1 - -2) + -7 + 9 + (493 - 479)?
19
6 + -16 + 22 + -5
7
-2 - ((13 - (13 - -9)) + (-1 - -4))
4
(2 - -5) + (-53 - -48) - 20
-18
What is 33 + (-5 - 11) + -22 - 22?
-27
What is the value of 6 + (9 + 2 - 10)?
7
What is the value of (11 - -4 - -1) + (81 - 93)?
4
Calculate -6 - (-7 + -2) - (6 - (-11 + 2)).
-12
What is the value of (-9 - (-18 - -35)) + (1 + 0 - 0)?
-25
What is the value of (11 - 4 - 6) + (0 - -3)?
4
(-29 - (3 + -5)) + (-10 - (-16 + -4))
-17
Calculate 61 + -65 - (-12 + 4).
4
What is the value of 5 + -14 + 7 + (-13 - -3) - 4?
-16
Calculate -107 - -104 - (6 + -6).
-3
What is 11 + 1 + ((-9 - -17) + -4 - 31)?
-15
Calculate 2 - -11 - 3 - (-47 - (-15 - 12)).
30
What is -5 + 21 + -5 + -5 + 3 + 1?
10
25 + 13 - (9 + (21 - 21))
29
Evaluate -9 + 0 + (-273 - -278).
-4
What is the value of 15 - (5 + -18 + 28)?
0
Calculate 22 - (20 + -28 + 14 - (8 + -1)).
23
What is the value of (-1 - -27) + (2 - (22 - (34 + -15)))?
25
-27 + 18 + (6 - 4) + 6
-1
Calculate -14 - (-20 + (25 - 24)).
5
-41 - -54 - 21 - -16
8
What is the value of 15 - (18 - 17 - -1 - -47)?
-34
What is (1 - 1) + (-4 - -2) - (-1 - 24)?
23
(-4 - (-3 - -2)) + -2 + (4 - -3)
2
-4 - ((-16 - -14) + 3)
-5
What is 1 - (2 + -3 + -8 - -18)?
-8
Evaluate 8 + -17 + -8 - (1 - (0 + 4)).
-14
What is the value of 18 + -33 + 1 + 3 - (-2 + -26)?
17
What is the value of (163 - 172) + (18 - 0)?
9
What is (1 + -10 - -18 - 7) + -26 - -2?
-22
0 + 